e y(1). What is the tens digit of 1/((2 + -3)/d)?
1
Let o be ((-39)/(-12))/((-1)/(-4)). Suppose 3*n + i = 5*n - 11, 2*n - o = -i. What is the units digit of n?
6
Let w = -9 - -34. What is the tens digit of w?
2
Let m = 262 + -182. What is the units digit of m?
0
Suppose 2*g - 14 = g - 3*p, 6 = 4*g + 2*p. Let k = 2 - g. What is the units digit of (k - (1 + 0)) + 3?
5
Suppose 2*y + 0*y = 36. Suppose -4*k + 3*p + 6 = 0, -2*k - 3*p = 2*k - y. Let a = k + 4. What is the units digit of a?
7
Let a = 1 - 1. Suppose 2*t + a - 2 = 0. What is the units digit of t?
1
Suppose 9 = 2*y + 3. Suppose -2*c + 1 = -y. Suppose 12 = -2*g + 3*g - c*n, 5*n = 5*g - 40. What is the units digit of g?
4
Let j be 0/(2*(3 + -4)). Suppose j = -5*b + 3*x + 2*x + 70, -b - 3*x + 30 = 0. What is the tens digit of b?
1
What is the tens digit of (-1)/(-2) - 198/(-4)?
5
Let t(f) = f**3 + 5*f**2 - 7*f + 3. Let a be t(-6). Suppose 4*d + 1 = a. What is the units digit of (10/3)/(d/6)?
0
Suppose 0 = 4*d - 6*d + j + 479, -5*d + 1225 = 3*j. What is the tens digit of d?
4
Suppose -z + 24 = 3*z. Suppose -40 = -z*j + 2*j. What is the tens digit of j?
1
Let x be -1 + 2 + 0 + 2. Suppose -4*h + 148 = 3*q, -x*q - h = h - 140. Let t = q + -31. What is the units digit of t?
3
Suppose -3*w + 4*w - 2 = 0. Let r be w/(-7) - 8/(-28). Suppose -5*m - 4*s + 31 = r, 6 - 32 = -3*m + 5*s. What is the units digit of m?
7
Let x be (-7)/2*(-110)/11. What is the tens digit of 3 - -1*x - 3?
3
Suppose -6*j + 4*j = -164. What is the units digit of j?
2
Suppose g = -2*g + 6. Suppose 0*u + n + 9 = g*u, -2*u + 4*n = -24. What is the units digit of u?
2
Suppose -3*q - q = l + 6, -2*l + 2*q = -8. Let v = l - 0. Let z = 1 + v. What is the units digit of z?
3
Let n(h) = 2*h - 3. Let p be n(6). Suppose -f + 0*f = -p. What is the units digit of f?
9
Let z = 34 - 22. Suppose 0 = 5*u + 20, y - 3*u = -0*y + 14. Let w = z - y. What is the tens digit of w?
1
What is the tens digit of (-84)/49*(-28)/3?
1
Let c be 1/2*(2 + 6). Suppose -6*r + c*r = -44. What is the tens digit of r?
2
Let t(r) be the third derivative of -r**4/8 + 2*r**3/3 + 4*r**2. What is the tens digit of t(-6)?
2
Let m(v) = -27*v**3 - v**2 + 5*v - 2. Let f(o) = -40*o**3 - 2*o**2 + 8*o - 3. Let u(z) = 5*f(z) - 8*m(z). What is the units digit of u(1)?
5
Let i(t) = -8*t + 5. Let r be 2*-3 + (-1 - -2). What is the units digit of i(r)?
5
Let k be 82/7 + (-4)/(-14). Let v = k + 6. Suppose 5*m - v = 7. What is the units digit of m?
5
Let l = -11 - -16. Suppose 8*h - 3*h + l = 0. What is the tens digit of (h/3)/((-1)/33)?
1
Suppose -3*l - 8 = l. What is the units digit of 18/4 + 1/l?
4
Suppose -r + 4 = 1. What is the units digit of (-517)/(-22) + r/2?
5
Let v = 13 + -8. Let b = -20 - -25. Suppose v*i = -b*n + 60, 5*n - 2*i - 75 = 20. What is the tens digit of n?
1
Let v(q) = -q**3 + 7*q**2 - 5*q - 4. Suppose 11 = d - 7. Suppose -3*j = -0*s + 5*s - 18, -d = -3*j + 3*s. What is the units digit of v(j)?
2
Suppose -18*a = -19*a + 28. What is the units digit of a?
8
Suppose -c + 5 + 0 = 0. Suppose j + 40 = 2*t, c = -2*j + 1. What is the units digit of t?
9
Let y = 1 - -2. Let s = 8 + y. What is the tens digit of s?
1
Suppose -3*x + 3*o = -363, -o + 275 = 2*x + 48. What is the tens digit of x?
1
Suppose 3 = -3*f + 18. Suppose -4*d = -f*d + 3. What is the units digit of d?
3
Let d(k) = -13*k**2 + 7*k. Let r(y) = -7*y**2 + 4*y. Let i(u) = -3*d(u) + 5*r(u). What is the units digit of i(1)?
3
Suppose -12 = -2*z + 12. Let d = z + -3. What is the units digit of d?
9
Suppose -5*d - 3*f + 44 = 0, -3*d + 35 - 9 = 2*f. Suppose -t = -1 - d. What is the units digit of t?
1
Suppose 2*t - 4*t + 8 = 0. Suppose -3*a = 5*o - 18 - 16, -2*o + 2*a + t = 0. Suppose o + 23 = c - 4*l, -5*l - 79 = -4*c. What is the tens digit of c?
1
Suppose -8*b + 7*b = -16. What is the tens digit of b?
1
Let x be (-18)/(-10) + (-3)/(-15). Suppose 142 = -3*u - 4*d, -3*u + u = -x*d + 76. What is the units digit of ((-2)/4)/(3/u)?
7
Let x be 1/(-2*(-2)/(-4)). Let g be 17 + 0 + x + -3. Let y = 22 - g. What is the units digit of y?
9
Let b(h) = h**2 + 3*h + 7. Let g(y) = -y. Let v(l) = -b(l) + 5*g(l). Let w be v(-6). Let i = w + 5. What is the tens digit of i?
1
Let p = -113 - -203. What is the units digit of p?
0
Suppose -3*d = -h + 2*d - 6, -1 = 2*h + d. Suppose -5*n - a + 14 = 1, 2*n = a + 8. Let m = h + n. What is the units digit of m?
2
Let b be (4*1)/(4/16). What is the units digit of (-1)/(((-10)/b)/5)?
8
Let v be (-2)/10 + 32/10. Suppose v*h + 26 = 4*n, -3*n + 10 = 3*h + 1. Suppose 2*u - 23 = -a, n*a - 14 = -2*u + a. What is the tens digit of u?
1
Let x = -16 + 22. What is the units digit of x?
6
What is the tens digit of 1 - 12*-8*1?
9
Suppose 0 = 2*k - 5*k - 21. Let n = k - -1. Let x = n + 13. What is the units digit of x?
7
Suppose -2*u = 3 - 7. Suppose 5*w - u*d + 14 + 13 = 0, -5 = -w + 3*d. What is the units digit of -2 - w*1/1?
5
Let z = -4 + 9. Let f be 6/8 - 23/4. What is the units digit of (f/(-3))/(z/45)?
5
Let d(o) = -o**3 - 2*o**2 + 13. What is the tens digit of d(0)?
1
Suppose -4*i + 3*g - 4*g - 3 = 0, -2*i + 3*g = -9. Let v = 8 + i. What is the units digit of v?
8
Suppose 2*a = -a + 36. What is the units digit of -36*(-1 - (-4)/a)?
4
Let c = 32 - 37. Let z(u) = -5*u**3 - u**2 - 6*u + 10. Let h(g) = 11*g**3 + 3*g**2 + 13*g - 21. Let v(p) = 6*h(p) + 13*z(p). What is the units digit of v(c)?
4
Let g be 0 + (0 - 0)/2. Suppose 2*w = -w - 3*t - 3, 2*t - 2 = g. What is the units digit of 7 - 3/2*w?
0
Let x(m) = -3*m. Let v(g) = g - 1. Let j(l) = 2*v(l) + x(l). What is the tens digit of j(-12)?
1
Suppose -4*i + 595 = i. Let t = i - 84. What is the tens digit of t?
3
Suppose 0 = 4*o + 6*d - 2*d - 504, 3*d - 128 = -o. What is the units digit of o?
5
Let d be (-5 - -3)/(1/4). What is the units digit of 3/(-3)*d + -1?
7
Let c(h) = h**3 + 37*h**2 + 18*h + 12. Let f be c(-15). What is the units digit of f/78 + 4/(-26)?
0
Let v(x) = 10 - x**2 - 20*x + 9*x + 4*x. Let y be v(-8). Suppose y*l = -l + 30. What is the tens digit of l?
1
Let b(f) = f**2 + 2*f + 1. Let r be b(-4). Let l = r + -7. Let k(h) = 7*h - 2. What is the units digit of k(l)?
2
Suppose 2*j - 4*h = 7 + 9, 4*h - 4 = -3*j. What is the units digit of 1*j/(1 - 0)?
4
Let x = 324 - 88. What is the tens digit of x?
3
Let v be (-2 - (-42)/4)*2. What is the tens digit of (3 - (-2 + 5)) + v?
1
Suppose 3*g = 15*g - 144. What is the units digit of g?
2
Suppose 34 = 2*j - 30. What is the units digit of j?
2
Suppose -22 = -3*x - 2*n, 2*x + 2*x - 11 = n. Suppose -2*k + 0*b + 2*b + 6 = 0, -x*b + 3 = k. What is the units digit of k?
3
Suppose 0 = r - 2*r. Suppose s - 5*z - 7 - 3 = r, -44 = -2*s - 2*z. What is the units digit of s?
0
Suppose 5*r + 0*z - z - 26 = 0, -5*r + 27 = -2*z. Suppose -6 + 1 = -r*j. What is the units digit of ((-1)/(j/14))/(-2)?
7
Let o(z) = 15*z**3 - 2*z**2 + 5*z - 6. What is the tens digit of o(2)?
1
Suppose -2*a = a. Let y(f) be the third derivative of -f**6/120 - f**5/60 + f**3 + 3*f**2. What is the units digit of y(a)?
6
Let k(d) = -19*d - 26. What is the tens digit of k(-4)?
5
Let f = 11 + -6. Let o be f + 1 + 1*-3. Suppose o*j - 55 = -4*z, -z + 3*j + 89 = 4*z. What is the units digit of z?
6
Suppose 0 = -3*a + 4 - 1. Suppose -13 = -4*n + 4*g - a, -4*g - 9 = -3*n. What is the units digit of n?
3
Suppose 0 = 2*l - 2, 4*l + 414 = 4*g - 442. Suppose 4*q = -q + g. What is the tens digit of q?
4
Let q(h) = 8 + 0*h**2 + 7*h**2 + 7*h - 2*h - 10 + h**3. What is the units digit of q(-6)?
4
Let z = -29 - -36. What is the units digit of z?
7
What is the units digit of ((-36)/(-8) + -4)/(2/4)?
1
Suppose 3*k = -4 + 16. What is the tens digit of 11 - 0 - (k + -5)?
1
Let j be ((-6)/(-5))/((-6)/(-20)). Suppose -j*t + 5*h = 12, 4 = 3*h - 8. What is the units digit of t - ((-4)/1 - -1)?
5
Let z be (0 - -5) + (-4)/(-2). Let u(a) = a**3 - 6*a**2 - 7*a + 4. Let c be u(z). Let d(o) = 4*o - 4. What is the units digit of d(c)?
2
Let u(b) = b**3 - 5*b**2 + 4*b + 5. Let p be u(4). Let k = p - 6. Let z = 9 - k. What is the tens digit of z?
1
Let u(q) = 6*q**2 + 2*q. Let m be u(-2). Suppose -g + 5*l + 1 = -m, l = -4. What is the units digit of g?
1
Suppose -4*o + 992 = -0*o. What is the hundreds digit of o?
2
Suppose -6*p = -p. Suppose -s - s + 54 = p. What 